{"id":1173,"date":"2026-03-19T19:10:40","date_gmt":"2026-03-19T22:10:40","guid":{"rendered":"https:\/\/sheiksites.com\/atelielumababy\/?post_type=product&#038;p=1173"},"modified":"2026-03-19T19:12:45","modified_gmt":"2026-03-19T22:12:45","slug":"dormitorio-cacau","status":"publish","type":"product","link":"https:\/\/sheiksites.com\/atelielumababy\/product-category\/dormitorio-cacau\/","title":{"rendered":"Dormit\u00f3rio Cacau"},"content":{"rendered":"<div id=\"single-product\" class=\"js-has-new-shipping js-product-detail js-product-container js-shipping-calculator-container pr-md-3\" data-store=\"product-detail\" data-variants=\"{{product.variants_object | json_encode }}\">\n<div class=\"d-flex flex-column section-single-product\">\n<div class=\"styles_container___3id_ p-0\">\n<div id=\"product\" class=\"product-main\">\n<aside class=\"w-100 px-3 px-md-0\" data-store=\"product-info-263001399\">\n<div id=\"product-description\" data-store=\"product-description-263001399\">\n<div class=\"prose mx-auto max-w-6xl text-base leading-7 text-black prose-headings:mt-8 prose-headings:font-semibold prose-headings:tracking-wide prose-headings:text-black prose-h1:text-5xl prose-h2:text-4xl prose-h3:text-3xl prose-h4:text-2xl prose-h5:text-xl prose-h6:text-lg prose-a:text-black prose-a:underline hover:prose-a:text-neutral-300 prose-strong:text-black prose-ol:mt-8 prose-ol:list-decimal prose-ol:pl-6 prose-ul:mt-8 prose-ul:list-disc prose-ul:pl-6 product-description user-content\">\n<p class=\"p1\"><strong><span class=\"s1\">Dormit\u00f3rio Cacau\u00a0<\/span><\/strong><\/p>\n<p class=\"p2\"><span class=\"s2\">Arm\u00e1rio\u00a0<\/span><\/p>\n<p class=\"p2\"><strong><span class=\"s2\">Medidas:<\/span><\/strong><\/p>\n<p class=\"p2\"><span class=\"s2\">altura:\u00a02170mm<\/span><\/p>\n<p class=\"p2\"><span class=\"s2\">largura:\u00a01360mm<\/span><\/p>\n<p class=\"p2\"><span class=\"s2\">profundidade:\u00a0537mm<\/span><\/p>\n<p class=\"p2\"><span class=\"s2\">\u00a0<\/span><\/p>\n<p class=\"p2\"><span class=\"s2\">Estrutura 100%MDF<br \/>\nMoldura e p\u00e9s em madeira de Reflorestamento Tingida<\/span><\/p>\n<p class=\"p2\"><span class=\"s2\">Corredi\u00e7as Telesc\u00f3picas<br \/>\nTubo cabideiro em alum\u00ednio<\/span><\/p>\n<p>&nbsp;<\/p>\n<p class=\"p2\"><strong><span class=\"s2\">C\u00f4moda\u00a0<\/span><\/strong><\/p>\n<p class=\"p2\"><span class=\"s2\">Medidas:<\/span><\/p>\n<p class=\"p2\"><span class=\"s2\">altura:\u00a0920mm<\/span><\/p>\n<p class=\"p2\"><span class=\"s2\">largura:\u00a01120mm<\/span><\/p>\n<p class=\"p2\"><span class=\"s2\">profundidade:\u00a0536mm<\/span><\/p>\n<p class=\"p2\"><span class=\"s2\">Estrutura 100%MDF<br \/>\nMoldura e p\u00e9s em madeira de Reflorestamento Tingida<br \/>\nCorredi\u00e7as Telesc\u00f3picas\u00a0<\/span><\/p>\n<p class=\"p2\"><strong><span class=\"s2\">Ber\u00e7o\u00a0<\/span><\/strong><\/p>\n<p class=\"p2\"><span class=\"s2\">Medidas ber\u00e7o altura: 1120mm<\/span><\/p>\n<p class=\"p2\"><span class=\"s2\">largura: 1350mm<\/span><\/p>\n<p class=\"p2\"><span class=\"s2\">profundidade: 780mm<\/span><\/p>\n<p class=\"p2\"><span class=\"s2\">Medidas mini cama\u00a0<\/span><\/p>\n<p class=\"p2\"><span class=\"s2\">altura: 626mm<\/span><\/p>\n<p class=\"p2\"><span class=\"s2\">largura: 1350mm<\/span><\/p>\n<p class=\"p2\"><span class=\"s2\">profundidade: 780mm<\/span><\/p>\n<p class=\"p2\"><span class=\"s2\">Certificado pelo Inmetro, possui as tr\u00eas regulagens de altura e transforma se em mini cama ( j\u00e1 vai com colch\u00e3o )!\u00a0<\/span><\/p>\n<\/div>\n<div id=\"reviewsapp\"><\/div>\n<div class=\"social-share\"><\/div>\n<\/div>\n<\/aside>\n<\/div>\n<\/div>\n<\/div>\n<\/div>\n<div class=\"related-products-section\">\n<div class=\"styles_container___3id_ p-0\">\n<div class=\"styles_sectionTitle__g59q4\">\n<div><\/div>\n<\/div>\n<\/div>\n<\/div>\n","protected":false},"excerpt":{"rendered":"<p>O <b data-path-to-node=\"3\" data-index-in-node=\"2\">Dormit\u00f3rio Cacau<\/b> do Ateli\u00ea Luma Baby \u00e9 a escolha perfeita para pais que buscam unir o design cl\u00e1ssico ao toque contempor\u00e2neo. Com um acabamento sofisticado na cor <b data-path-to-node=\"3\" data-index-in-node=\"165\">Fendi<\/b> e detalhes em madeira de reflorestamento tingida, este conjunto transforma o quarto do beb\u00ea em um ambiente sereno, moderno e extremamente funcional.<\/p>\n","protected":false},"featured_media":1180,"comment_status":"open","ping_status":"closed","template":"","meta":[],"product_brand":[],"product_cat":[198,15],"product_tag":[],"class_list":{"0":"post-1173","1":"product","2":"type-product","3":"status-publish","4":"has-post-thumbnail","6":"product_cat-dormitorios-completos","7":"product_cat-sem-categoria","9":"entry","10":"has-media","12":"first","13":"instock","14":"sale","15":"taxable","16":"shipping-taxable","17":"purchasable","18":"product-type-simple","19":"has-product-nav","20":"col","21":"span_1_of_4","22":"owp-content-center","23":"owp-thumbs-layout-horizontal","24":"owp-btn-normal","25":"owp-tabs-layout-horizontal"},"yoast_head":"<!-- This site is optimized with the Yoast SEO Premium plugin v24.6 (Yoast SEO v27.4) - https:\/\/yoast.com\/product\/yoast-seo-premium-wordpress\/ -->\n<title>Dormit\u00f3rio Cacau - Atelie Luma Baby<\/title>\n<meta name=\"robots\" content=\"index, follow, max-snippet:-1, max-image-preview:large, max-video-preview:-1\" \/>\n<link rel=\"canonical\" href=\"https:\/\/sheiksites.com\/atelielumababy\/product-category\/dormitorio-cacau\/\" \/>\n<meta property=\"og:locale\" content=\"pt_BR\" \/>\n<meta property=\"og:type\" content=\"article\" \/>\n<meta property=\"og:title\" content=\"Dormit\u00f3rio Cacau\" \/>\n<meta property=\"og:description\" content=\"O Dormit\u00f3rio Cacau do Ateli\u00ea Luma Baby \u00e9 a escolha perfeita para pais que buscam unir o design cl\u00e1ssico ao toque contempor\u00e2neo. Com um acabamento sofisticado na cor Fendi e detalhes em madeira de reflorestamento tingida, este conjunto transforma o quarto do beb\u00ea em um ambiente sereno, moderno e extremamente funcional.\" \/>\n<meta property=\"og:url\" content=\"https:\/\/sheiksites.com\/atelielumababy\/product-category\/dormitorio-cacau\/\" \/>\n<meta property=\"og:site_name\" content=\"Atelie Luma Baby\" \/>\n<meta property=\"article:modified_time\" content=\"2026-03-19T22:12:45+00:00\" \/>\n<meta property=\"og:image\" content=\"https:\/\/sheiksites.com\/atelielumababy\/wp-content\/uploads\/2026\/03\/dd84ed3e-823c-4f65-8aaf-7abc75a0e4d6-5e19fd51c3a3e8350317435443447950-1024-1024.jpeg\" \/>\n\t<meta property=\"og:image:width\" content=\"972\" \/>\n\t<meta property=\"og:image:height\" content=\"933\" \/>\n\t<meta property=\"og:image:type\" content=\"image\/jpeg\" \/>\n<meta name=\"twitter:card\" content=\"summary_large_image\" \/>\n<script type=\"application\/ld+json\" class=\"yoast-schema-graph\">{\"@context\":\"https:\\\/\\\/schema.org\",\"@graph\":[{\"@type\":\"WebPage\",\"@id\":\"https:\\\/\\\/sheiksites.com\\\/atelielumababy\\\/product-category\\\/dormitorio-cacau\\\/\",\"url\":\"https:\\\/\\\/sheiksites.com\\\/atelielumababy\\\/product-category\\\/dormitorio-cacau\\\/\",\"name\":\"Dormit\u00f3rio Cacau - Atelie Luma Baby\",\"isPartOf\":{\"@id\":\"https:\\\/\\\/sheiksites.com\\\/atelielumababy\\\/#website\"},\"primaryImageOfPage\":{\"@id\":\"https:\\\/\\\/sheiksites.com\\\/atelielumababy\\\/product-category\\\/dormitorio-cacau\\\/#primaryimage\"},\"image\":{\"@id\":\"https:\\\/\\\/sheiksites.com\\\/atelielumababy\\\/product-category\\\/dormitorio-cacau\\\/#primaryimage\"},\"thumbnailUrl\":\"https:\\\/\\\/sheiksites.com\\\/atelielumababy\\\/wp-content\\\/uploads\\\/2026\\\/03\\\/dd84ed3e-823c-4f65-8aaf-7abc75a0e4d6-5e19fd51c3a3e8350317435443447950-1024-1024.jpeg\",\"datePublished\":\"2026-03-19T22:10:40+00:00\",\"dateModified\":\"2026-03-19T22:12:45+00:00\",\"breadcrumb\":{\"@id\":\"https:\\\/\\\/sheiksites.com\\\/atelielumababy\\\/product-category\\\/dormitorio-cacau\\\/#breadcrumb\"},\"inLanguage\":\"pt-BR\",\"potentialAction\":[{\"@type\":\"ReadAction\",\"target\":[\"https:\\\/\\\/sheiksites.com\\\/atelielumababy\\\/product-category\\\/dormitorio-cacau\\\/\"]}]},{\"@type\":\"ImageObject\",\"inLanguage\":\"pt-BR\",\"@id\":\"https:\\\/\\\/sheiksites.com\\\/atelielumababy\\\/product-category\\\/dormitorio-cacau\\\/#primaryimage\",\"url\":\"https:\\\/\\\/sheiksites.com\\\/atelielumababy\\\/wp-content\\\/uploads\\\/2026\\\/03\\\/dd84ed3e-823c-4f65-8aaf-7abc75a0e4d6-5e19fd51c3a3e8350317435443447950-1024-1024.jpeg\",\"contentUrl\":\"https:\\\/\\\/sheiksites.com\\\/atelielumababy\\\/wp-content\\\/uploads\\\/2026\\\/03\\\/dd84ed3e-823c-4f65-8aaf-7abc75a0e4d6-5e19fd51c3a3e8350317435443447950-1024-1024.jpeg\",\"width\":972,\"height\":933},{\"@type\":\"BreadcrumbList\",\"@id\":\"https:\\\/\\\/sheiksites.com\\\/atelielumababy\\\/product-category\\\/dormitorio-cacau\\\/#breadcrumb\",\"itemListElement\":[{\"@type\":\"ListItem\",\"position\":1,\"name\":\"In\u00edcio\",\"item\":\"https:\\\/\\\/sheiksites.com\\\/atelielumababy\\\/\"},{\"@type\":\"ListItem\",\"position\":2,\"name\":\"Loja\",\"item\":\"https:\\\/\\\/sheiksites.com\\\/atelielumababy\\\/loja\\\/\"},{\"@type\":\"ListItem\",\"position\":3,\"name\":\"Dormit\u00f3rio Cacau\"}]},{\"@type\":\"WebSite\",\"@id\":\"https:\\\/\\\/sheiksites.com\\\/atelielumababy\\\/#website\",\"url\":\"https:\\\/\\\/sheiksites.com\\\/atelielumababy\\\/\",\"name\":\"Atelie Luma Baby\",\"description\":\"Loja de m\u00f3veis infantis \",\"potentialAction\":[{\"@type\":\"SearchAction\",\"target\":{\"@type\":\"EntryPoint\",\"urlTemplate\":\"https:\\\/\\\/sheiksites.com\\\/atelielumababy\\\/?s={search_term_string}\"},\"query-input\":{\"@type\":\"PropertyValueSpecification\",\"valueRequired\":true,\"valueName\":\"search_term_string\"}}],\"inLanguage\":\"pt-BR\"}]}<\/script>\n<!-- \/ Yoast SEO Premium plugin. -->","yoast_head_json":{"title":"Dormit\u00f3rio Cacau - Atelie Luma Baby","robots":{"index":"index","follow":"follow","max-snippet":"max-snippet:-1","max-image-preview":"max-image-preview:large","max-video-preview":"max-video-preview:-1"},"canonical":"https:\/\/sheiksites.com\/atelielumababy\/product-category\/dormitorio-cacau\/","og_locale":"pt_BR","og_type":"article","og_title":"Dormit\u00f3rio Cacau","og_description":"O Dormit\u00f3rio Cacau do Ateli\u00ea Luma Baby \u00e9 a escolha perfeita para pais que buscam unir o design cl\u00e1ssico ao toque contempor\u00e2neo. Com um acabamento sofisticado na cor Fendi e detalhes em madeira de reflorestamento tingida, este conjunto transforma o quarto do beb\u00ea em um ambiente sereno, moderno e extremamente funcional.","og_url":"https:\/\/sheiksites.com\/atelielumababy\/product-category\/dormitorio-cacau\/","og_site_name":"Atelie Luma Baby","article_modified_time":"2026-03-19T22:12:45+00:00","og_image":[{"width":972,"height":933,"url":"https:\/\/sheiksites.com\/atelielumababy\/wp-content\/uploads\/2026\/03\/dd84ed3e-823c-4f65-8aaf-7abc75a0e4d6-5e19fd51c3a3e8350317435443447950-1024-1024.jpeg","type":"image\/jpeg"}],"twitter_card":"summary_large_image","schema":{"@context":"https:\/\/schema.org","@graph":[{"@type":"WebPage","@id":"https:\/\/sheiksites.com\/atelielumababy\/product-category\/dormitorio-cacau\/","url":"https:\/\/sheiksites.com\/atelielumababy\/product-category\/dormitorio-cacau\/","name":"Dormit\u00f3rio Cacau - Atelie Luma Baby","isPartOf":{"@id":"https:\/\/sheiksites.com\/atelielumababy\/#website"},"primaryImageOfPage":{"@id":"https:\/\/sheiksites.com\/atelielumababy\/product-category\/dormitorio-cacau\/#primaryimage"},"image":{"@id":"https:\/\/sheiksites.com\/atelielumababy\/product-category\/dormitorio-cacau\/#primaryimage"},"thumbnailUrl":"https:\/\/sheiksites.com\/atelielumababy\/wp-content\/uploads\/2026\/03\/dd84ed3e-823c-4f65-8aaf-7abc75a0e4d6-5e19fd51c3a3e8350317435443447950-1024-1024.jpeg","datePublished":"2026-03-19T22:10:40+00:00","dateModified":"2026-03-19T22:12:45+00:00","breadcrumb":{"@id":"https:\/\/sheiksites.com\/atelielumababy\/product-category\/dormitorio-cacau\/#breadcrumb"},"inLanguage":"pt-BR","potentialAction":[{"@type":"ReadAction","target":["https:\/\/sheiksites.com\/atelielumababy\/product-category\/dormitorio-cacau\/"]}]},{"@type":"ImageObject","inLanguage":"pt-BR","@id":"https:\/\/sheiksites.com\/atelielumababy\/product-category\/dormitorio-cacau\/#primaryimage","url":"https:\/\/sheiksites.com\/atelielumababy\/wp-content\/uploads\/2026\/03\/dd84ed3e-823c-4f65-8aaf-7abc75a0e4d6-5e19fd51c3a3e8350317435443447950-1024-1024.jpeg","contentUrl":"https:\/\/sheiksites.com\/atelielumababy\/wp-content\/uploads\/2026\/03\/dd84ed3e-823c-4f65-8aaf-7abc75a0e4d6-5e19fd51c3a3e8350317435443447950-1024-1024.jpeg","width":972,"height":933},{"@type":"BreadcrumbList","@id":"https:\/\/sheiksites.com\/atelielumababy\/product-category\/dormitorio-cacau\/#breadcrumb","itemListElement":[{"@type":"ListItem","position":1,"name":"In\u00edcio","item":"https:\/\/sheiksites.com\/atelielumababy\/"},{"@type":"ListItem","position":2,"name":"Loja","item":"https:\/\/sheiksites.com\/atelielumababy\/loja\/"},{"@type":"ListItem","position":3,"name":"Dormit\u00f3rio Cacau"}]},{"@type":"WebSite","@id":"https:\/\/sheiksites.com\/atelielumababy\/#website","url":"https:\/\/sheiksites.com\/atelielumababy\/","name":"Atelie Luma Baby","description":"Loja de m\u00f3veis infantis ","potentialAction":[{"@type":"SearchAction","target":{"@type":"EntryPoint","urlTemplate":"https:\/\/sheiksites.com\/atelielumababy\/?s={search_term_string}"},"query-input":{"@type":"PropertyValueSpecification","valueRequired":true,"valueName":"search_term_string"}}],"inLanguage":"pt-BR"}]}},"_links":{"self":[{"href":"https:\/\/sheiksites.com\/atelielumababy\/wp-json\/wp\/v2\/product\/1173","targetHints":{"allow":["GET"]}}],"collection":[{"href":"https:\/\/sheiksites.com\/atelielumababy\/wp-json\/wp\/v2\/product"}],"about":[{"href":"https:\/\/sheiksites.com\/atelielumababy\/wp-json\/wp\/v2\/types\/product"}],"replies":[{"embeddable":true,"href":"https:\/\/sheiksites.com\/atelielumababy\/wp-json\/wp\/v2\/comments?post=1173"}],"wp:featuredmedia":[{"embeddable":true,"href":"https:\/\/sheiksites.com\/atelielumababy\/wp-json\/wp\/v2\/media\/1180"}],"wp:attachment":[{"href":"https:\/\/sheiksites.com\/atelielumababy\/wp-json\/wp\/v2\/media?parent=1173"}],"wp:term":[{"taxonomy":"product_brand","embeddable":true,"href":"https:\/\/sheiksites.com\/atelielumababy\/wp-json\/wp\/v2\/product_brand?post=1173"},{"taxonomy":"product_cat","embeddable":true,"href":"https:\/\/sheiksites.com\/atelielumababy\/wp-json\/wp\/v2\/product_cat?post=1173"},{"taxonomy":"product_tag","embeddable":true,"href":"https:\/\/sheiksites.com\/atelielumababy\/wp-json\/wp\/v2\/product_tag?post=1173"}],"curies":[{"name":"wp","href":"https:\/\/api.w.org\/{rel}","templated":true}]}}